{"id":3922,"date":"2024-07-11T09:41:40","date_gmt":"2024-07-11T08:41:40","guid":{"rendered":"https:\/\/www.gnration.pt\/en\/?page_id=3922"},"modified":"2024-07-11T09:46:33","modified_gmt":"2024-07-11T08:46:33","slug":"julho-e-de-jazz-2024","status":"publish","type":"page","link":"https:\/\/www.gnration.pt\/en\/julho-e-de-jazz-2024\/","title":{"rendered":"julho \u00e9 de jazz 2024"},"content":{"rendered":"<p>In its tenth edition, Julho \u00e9 de Jazz will go beyond gnration&#8217;s p\u00e1tio exterior (outdoor patio)\u00a0 and will also take over the main stage of Theatro Circo. The cycle that began in 2015 celebrates ten editions with seven concerts and two documentaries, which will be spread across the two cultural venues in the city of Braga. The programme for this 2024 edition brings together a luxury cast made up of living legends of improvisation music, well-known national and international artists and emerging names who have been causing a lot of talk.<\/p>\n<p style=\"text-align: left;\"><strong><span style=\"font-size: 12pt;\">full programme<\/span><\/strong><\/p>\n<p><span style=\"font-size: 12pt;\"><strong>music<\/strong><\/span><strong><br \/>\n<\/strong><span style=\"font-size: 12pt;\">4 jul, 21:30 <a href=\"https:\/\/www.gnration.pt\/en\/event\/2024\/julho-e-de-jazz-bica-costa-pernadas-invite-lefebvre-e-santana\/\"><strong>bica \/ costa \/ pernadas convidam lefebvre e santana<\/strong><\/a> \u00b7 p\u00e1tio exterior (gnration)<\/span><br \/>\n<span style=\"font-size: 12pt;\">5 jul, 21:30 <a href=\"https:\/\/www.theatrocirco.com\/en\/agendaebilheteira\/programacultural\/1621\"><strong>irreversible entanglements<\/strong><\/a> \u00b7 palco principal (theatro circo)<\/span><br \/>\n<span style=\"font-size: 12pt;\">6 jul, 18:00<a href=\"https:\/\/www.gnration.pt\/en\/event\/2024\/julho-e-de-jazz-andre-pizarro-pepe\/\"><strong> andr\u00e9 pizarro pepe + convidados <\/strong><\/a>\u00b7 p\u00e1tio exterior (gnration)<\/span><br \/>\n<span style=\"font-size: 12pt;\">6 jul, 21:30 <a href=\"https:\/\/www.theatrocirco.com\/en\/agendaebilheteira\/programacultural\/1622\"><strong>john scofield\/dave holland\u00a0<\/strong><\/a>\u00b7 palco principal (theatro circo)<\/span><br \/>\n<span style=\"font-size: 12pt;\">11 jul, 21:30<a href=\"https:\/\/www.gnration.pt\/en\/event\/2024\/julho-e-de-jazz-marie-kruttli-trio\/\"><strong> marie kr\u00fcttli trio<\/strong> <\/a>\u00b7 blackbox (gnration)<\/span><br \/>\n<span style=\"font-size: 12pt;\">12 jul, 21:30<a href=\"https:\/\/www.gnration.pt\/en\/event\/2024\/julho-e-de-jazz-hedvig-mollestad-trio\/\"> <b>hedvig mollestad trio <\/b><\/a>\u00b7 p\u00e1tio exterior (gnration)<\/span><br \/>\n<span style=\"font-size: 12pt;\">13 jul, 21:30 <a href=\"https:\/\/www.theatrocirco.com\/en\/agendaebilheteira\/programacultural\/1624\"><strong>amaro freitas trio<\/strong><\/a> \u00b7 palco principal (theatro circo)<\/span><\/p>\n<p><span style=\"font-size: 12pt;\"><strong>cinema<\/strong><\/span><strong><br \/>\n<\/strong><span style=\"font-size: 12pt;\">3 jul, 21:30 <a href=\"https:\/\/www.theatrocirco.com\/en\/agendaebilheteira\/programacultural\/1620\"><b>&#8220;<\/b><b>jazz\u00e9 duarte&#8221;<\/b><\/a>\u00a0\u00b7 pequeno audit\u00f3rio (theatro circo)<\/span><br \/>\n<span style=\"font-size: 12pt;\">10 jul, 21:30<a href=\"https:\/\/www.theatrocirco.com\/en\/agendaebilheteira\/programacultural\/1623\"><strong> &#8220;<\/strong><strong>cairo jazzman&#8221;<\/strong>\u00a0<\/a>\u00b7 pequeno audit\u00f3rio (theatro circo)<\/span><\/p>\n<p style=\"text-align: center;\"><span style=\"font-size: 10pt;\"><strong>support<\/strong> portuguese republic &#8211; culture \/ directorate-general for the arts. rtcp &#8211; network of portuguese theatres and cinemas<\/span><\/p>\n<h4 style=\"text-align: center;\"><span style=\"font-size: 10pt;\"><strong>suppor for dissemination<\/strong><\/span><\/h4>\n<p>&nbsp;<\/p>\n<p style=\"text-align: center;\"><img loading=\"lazy\" decoding=\"async\" class=\"aligncenter wp-image-9971\" src=\"https:\/\/www.gnration.pt\/wp-content\/uploads\/2023\/11\/antena_2_branco-300x81.png\" alt=\"\" width=\"150\" height=\"41\" \/><\/p>\n<p style=\"text-align: center;\"><img loading=\"lazy\" decoding=\"async\" class=\"aligncenter wp-image-8599\" src=\"https:\/\/www.gnration.pt\/wp-content\/uploads\/2018\/09\/rum-150x150.png\" alt=\"\" width=\"100\" height=\"100\" \/><\/p>\n<p style=\"text-align: center;\"><img loading=\"lazy\" decoding=\"async\" class=\"aligncenter wp-image-2437\" src=\"https:\/\/www.gnration.pt\/wp-content\/uploads\/2019\/07\/site-logo-jazz-150x150.png\" alt=\"\" width=\"100\" height=\"100\" \/><\/p>\n<p style=\"text-align: center;\"><img loading=\"lazy\" decoding=\"async\" class=\"aligncenter wp-image-4941\" src=\"https:\/\/www.gnration.pt\/wp-content\/uploads\/2021\/03\/rimas_site.png\" alt=\"\" width=\"200\" height=\"115\" \/><\/p>\n","protected":false},"excerpt":{"rendered":"<p>In its tenth edition, Julho \u00e9 de Jazz will go beyond gnration&#8217;s p\u00e1tio exterior (outdoor patio)\u00a0 and will also take over the main stage of Theatro Circo. The cycle that began in 2015 celebrates ten editions with seven concerts and two documentaries, which will be spread across the two cultural venues in the city of <a class=\"read-more\" href=\"https:\/\/www.gnration.pt\/en\/julho-e-de-jazz-2024\/\" title=\"Learn More\">Learn More<\/a><\/p>\n","protected":false},"author":348,"featured_media":3923,"parent":0,"menu_order":0,"comment_status":"closed","ping_status":"closed","template":"","meta":{"_monsterinsights_skip_tracking":false,"_monsterinsights_sitenote_active":false,"_monsterinsights_sitenote_note":"","_monsterinsights_sitenote_category":0,"footnotes":""},"class_list":["post-3922","page","type-page","status-publish","has-post-thumbnail","hentry"],"acf":[],"_links":{"self":[{"href":"https:\/\/www.gnration.pt\/en\/wp-json\/wp\/v2\/pages\/3922","targetHints":{"allow":["GET"]}}],"collection":[{"href":"https:\/\/www.gnration.pt\/en\/wp-json\/wp\/v2\/pages"}],"about":[{"href":"https:\/\/www.gnration.pt\/en\/wp-json\/wp\/v2\/types\/page"}],"author":[{"embeddable":true,"href":"https:\/\/www.gnration.pt\/en\/wp-json\/wp\/v2\/users\/348"}],"replies":[{"embeddable":true,"href":"https:\/\/www.gnration.pt\/en\/wp-json\/wp\/v2\/comments?post=3922"}],"version-history":[{"count":2,"href":"https:\/\/www.gnration.pt\/en\/wp-json\/wp\/v2\/pages\/3922\/revisions"}],"predecessor-version":[{"id":3972,"href":"https:\/\/www.gnration.pt\/en\/wp-json\/wp\/v2\/pages\/3922\/revisions\/3972"}],"wp:featuredmedia":[{"embeddable":true,"href":"https:\/\/www.gnration.pt\/en\/wp-json\/wp\/v2\/media\/3923"}],"wp:attachment":[{"href":"https:\/\/www.gnration.pt\/en\/wp-json\/wp\/v2\/media?parent=3922"}],"curies":[{"name":"wp","href":"https:\/\/api.w.org\/{rel}","templated":true}]}}

julho é de jazz 2024

<p>In its tenth edition, Julho é de Jazz will go beyond gnration&#8217;s pátio exterior (outdoor patio)  and will also take over the main stage of Theatro Circo. The cycle that began in 2015 celebrates ten editions with seven concerts and two documentaries, which will be spread across the two cultural venues in the city of Braga. The programme for this 2024 edition brings together a luxury cast made up of living legends of improvisation music, well-known national and international artists and emerging names who have been causing a lot of talk.</p>
<p style="text-align: left;"><strong><span style="font-size: 12pt;">full programme</span></strong></p>
<p><span style="font-size: 12pt;"><strong>music</strong></span><strong><br />
</strong><span style="font-size: 12pt;">4 jul, 21:30 <a href="https://www.gnration.pt/en/event/2024/julho-e-de-jazz-bica-costa-pernadas-invite-lefebvre-e-santana/"><strong>bica / costa / pernadas convidam lefebvre e santana</strong></a> · pátio exterior (gnration)</span><br />
<span style="font-size: 12pt;">5 jul, 21:30 <a href="https://www.theatrocirco.com/en/agendaebilheteira/programacultural/1621"><strong>irreversible entanglements</strong></a> · palco principal (theatro circo)</span><br />
<span style="font-size: 12pt;">6 jul, 18:00<a href="https://www.gnration.pt/en/event/2024/julho-e-de-jazz-andre-pizarro-pepe/"><strong> andré pizarro pepe + convidados </strong></a>· pátio exterior (gnration)</span><br />
<span style="font-size: 12pt;">6 jul, 21:30 <a href="https://www.theatrocirco.com/en/agendaebilheteira/programacultural/1622"><strong>john scofield/dave holland </strong></a>· palco principal (theatro circo)</span><br />
<span style="font-size: 12pt;">11 jul, 21:30<a href="https://www.gnration.pt/en/event/2024/julho-e-de-jazz-marie-kruttli-trio/"><strong> marie krüttli trio</strong> </a>· blackbox (gnration)</span><br />
<span style="font-size: 12pt;">12 jul, 21:30<a href="https://www.gnration.pt/en/event/2024/julho-e-de-jazz-hedvig-mollestad-trio/"> <b>hedvig mollestad trio </b></a>· pátio exterior (gnration)</span><br />
<span style="font-size: 12pt;">13 jul, 21:30 <a href="https://www.theatrocirco.com/en/agendaebilheteira/programacultural/1624"><strong>amaro freitas trio</strong></a> · palco principal (theatro circo)</span></p>
<p><span style="font-size: 12pt;"><strong>cinema</strong></span><strong><br />
</strong><span style="font-size: 12pt;">3 jul, 21:30 <a href="https://www.theatrocirco.com/en/agendaebilheteira/programacultural/1620"><b>&#8220;</b><b>jazzé duarte&#8221;</b></a> · pequeno auditório (theatro circo)</span><br />
<span style="font-size: 12pt;">10 jul, 21:30<a href="https://www.theatrocirco.com/en/agendaebilheteira/programacultural/1623"><strong> &#8220;</strong><strong>cairo jazzman&#8221;</strong> </a>· pequeno auditório (theatro circo)</span></p>
<p style="text-align: center;"><span style="font-size: 10pt;"><strong>support</strong> portuguese republic &#8211; culture / directorate-general for the arts. rtcp &#8211; network of portuguese theatres and cinemas</span></p>
<h4 style="text-align: center;"><span style="font-size: 10pt;"><strong>suppor for dissemination</strong></span></h4>
<p>&nbsp;</p>
<p style="text-align: center;"><img loading="lazy" decoding="async" class="aligncenter wp-image-9971" src="https://www.gnration.pt/wp-content/uploads/2023/11/antena_2_branco-300x81.png" alt="" width="150" height="41" /></p>
<p style="text-align: center;"><img loading="lazy" decoding="async" class="aligncenter wp-image-8599" src="https://www.gnration.pt/wp-content/uploads/2018/09/rum-150x150.png" alt="" width="100" height="100" /></p>
<p style="text-align: center;"><img loading="lazy" decoding="async" class="aligncenter wp-image-2437" src="https://www.gnration.pt/wp-content/uploads/2019/07/site-logo-jazz-150x150.png" alt="" width="100" height="100" /></p>
<p style="text-align: center;"><img loading="lazy" decoding="async" class="aligncenter wp-image-4941" src="https://www.gnration.pt/wp-content/uploads/2021/03/rimas_site.png" alt="" width="200" height="115" /></p>

<p>In its tenth edition, Julho é de Jazz will go beyond gnration&#8217;s pátio exterior (outdoor patio)  and will also take over the main stage of Theatro Circo. The cycle that began in 2015 celebrates ten editions with seven concerts and two documentaries, which will be spread across the two cultural venues in the city of <a class="read-more" href="https://www.gnration.pt/en/julho-e-de-jazz-2024/" title="Learn More">Learn More</a></p>
